{"id":9839,"date":"2023-01-23T07:07:46","date_gmt":"2023-01-23T07:07:46","guid":{"rendered":"https:\/\/bricard.com\/professionnels\/?post_type=product&#038;p=9839"},"modified":"2026-02-24T10:42:25","modified_gmt":"2026-02-24T10:42:25","slug":"securistyle-evolution-et-touch-bar-evolution","status":"publish","type":"product","link":"https:\/\/bricard.com\/professionnels\/produits\/anti-paniques-fermetures-durgence-et-cremones-pompier\/antipaniques\/securistyle-evolution-et-touch-bar-evolution","title":{"rendered":"S\u00e9curistyle R\u00e9volution et Touch Bar R\u00e9volution"},"content":{"rendered":"<p>\u2022 Conformes aux exigences requises par le marquage CE 0425<br \/>\n\u2022 Conforme \u00e0 la norme EN 1125<br \/>\n\u2022 Syst\u00e8me \u00e0 c\u00e2bles<br \/>\n\u2022 Versions 1, 2 et 3 points p\u00eanes hauts et bas et p\u00eanes lat\u00e9raux<br \/>\n\u2022 3 points modulables en 1 ou 2 points<br \/>\n\u2022 Pour portes en bois, aluminium, m\u00e9tallique ou PVC, de hauteur 2 500 mm maximum et jusqu\u2019\u00e0 400 kg<br \/>\n\u2022 Aptes \u00e0 \u00e9quiper des blocs portes coupe-feu<br \/>\n\u2022 Longueurs :<br \/>\n\u2022 S\u00e9curistyle R\u00e9volution : 900 mm et 1200 mm<br \/>\n\u2022 Touch Bar R\u00e9volution : 840 mm et 1200 mm<br \/>\n\u2022 R\u00e9sistance 240 H au brouillard salin et \u00e0 des temp\u00e9ratures de &#8211; 10\u00b0C \u00e0 + 60\u00b0C<br \/>\n\u2022 Test\u00e9 \u00e0 500 000 cycles<br \/>\n\u2022 Traitement antibact\u00e9rien emp\u00eachant la propagation de micro-organismes dangereux et la croissance de champignons et bact\u00e9ries<br \/>\n\u2022 Finitions : Argent \/ Blanc \/ Noir<br \/>\n\u2022 Facilit\u00e9 de pose : r\u00e9versible gauche\/droite sans outil<\/p>\n","protected":false},"excerpt":{"rendered":"<p>\u2022 Conformes aux exigences requises par le marquage CE 0425 \u2022 Conforme \u00e0 la norme EN 1125 \u2022 Syst\u00e8me \u00e0 c\u00e2bles \u2022 Versions 1, 2 et 3 points p\u00eanes hauts et bas et p\u00eanes lat\u00e9raux \u2022 3 points modulables en 1 ou 2 points \u2022 Pour portes en bois, aluminium, m\u00e9tallique ou PVC, de hauteur&#8230;<\/p>\n","protected":false},"featured_media":16873,"template":"","meta":{"_acf_changed":false,"_trash_the_other_posts":false,"_kad_blocks_custom_css":"","_kad_blocks_head_custom_js":"","_kad_blocks_body_custom_js":"","_kad_blocks_footer_custom_js":"","_kad_post_transparent":"default","_kad_post_title":"","_kad_post_layout":"default","_kad_post_sidebar_id":"","_kad_post_content_style":"default","_kad_post_vertical_padding":"default","_kad_post_feature":"","_kad_post_feature_position":"","_kad_post_header":false,"_kad_post_footer":false,"_kad_post_classname":""},"product_brand":[],"product_cat":[510],"product_tag":[],"solution":[551,552,555],"class_list":{"0":"post-9839","1":"product","2":"type-product","3":"status-publish","4":"has-post-thumbnail","6":"product_cat-antipaniques","7":"solution-projet-bureau","8":"solution-projet-education","9":"solution-projet-sante","11":"first","12":"instock","13":"shipping-taxable","14":"product-type-simple","15":"entry","16":"content-bg","17":"loop-entry"},"acf":[],"yoast_head":"<!-- This site is optimized with the Yoast SEO Premium plugin v24.2 (Yoast SEO v27.2) - https:\/\/yoast.com\/product\/yoast-seo-premium-wordpress\/ -->\n<title>S\u00e9curistyle R\u00e9volution et Touch Bar R\u00e9volution &#060; Bricard professionnels<\/title>\n<meta name=\"description\" content=\"BRICARD cr\u00e9e et d\u00e9veloppe les standards actuels de la serrurerie. Quelles que soient les exigences r\u00e9glementaires des b\u00e2timents, BRICARD vous propose un large \u00e9ventail de produits r\u00e9pondant aux exigences normatives pour \u00e9quiper tout type de portes : entr\u00e9e, int\u00e9rieure, distribution, local technique, issue de secours\u2026Fermeture antipanique Securistyle et Touch Bar Evolution\" \/>\n<meta name=\"robots\" content=\"index, follow, max-snippet:-1, max-image-preview:large, max-video-preview:-1\" \/>\n<link rel=\"canonical\" href=\"https:\/\/bricard.com\/professionnels\/produits\/anti-paniques-fermetures-durgence-et-cremones-pompier\/antipaniques\/securistyle-evolution-et-touch-bar-evolution\" \/>\n<meta property=\"og:locale\" content=\"en_US\" \/>\n<meta property=\"og:type\" content=\"article\" \/>\n<meta property=\"og:title\" content=\"S\u00e9curistyle R\u00e9volution et Touch Bar R\u00e9volution\" \/>\n<meta property=\"og:description\" content=\"BRICARD cr\u00e9e et d\u00e9veloppe les standards actuels de la serrurerie. Quelles que soient les exigences r\u00e9glementaires des b\u00e2timents, BRICARD vous propose un large \u00e9ventail de produits r\u00e9pondant aux exigences normatives pour \u00e9quiper tout type de portes : entr\u00e9e, int\u00e9rieure, distribution, local technique, issue de secours\u2026Fermeture antipanique Securistyle et Touch Bar Evolution\" \/>\n<meta property=\"og:url\" content=\"https:\/\/bricard.com\/professionnels\/produits\/anti-paniques-fermetures-durgence-et-cremones-pompier\/antipaniques\/securistyle-evolution-et-touch-bar-evolution\" \/>\n<meta property=\"og:site_name\" content=\"Bricard professionnels\" \/>\n<meta property=\"article:modified_time\" content=\"2026-02-24T10:42:25+00:00\" \/>\n<meta property=\"og:image\" content=\"https:\/\/bricard.com\/professionnels\/wp-content\/uploads\/sites\/17\/2025\/12\/Bricard_Touch_scont.png\" \/>\n\t<meta property=\"og:image:width\" content=\"7440\" \/>\n\t<meta property=\"og:image:height\" content=\"4960\" \/>\n\t<meta property=\"og:image:type\" content=\"image\/png\" \/>\n<meta name=\"twitter:card\" content=\"summary_large_image\" \/>\n<meta name=\"twitter:label1\" content=\"Est. reading time\" \/>\n\t<meta name=\"twitter:data1\" content=\"1 minute\" \/>\n<script type=\"application\/ld+json\" class=\"yoast-schema-graph\">{\"@context\":\"https:\/\/schema.org\",\"@graph\":[{\"@type\":\"WebPage\",\"@id\":\"https:\/\/bricard.com\/professionnels\/produits\/anti-paniques-fermetures-durgence-et-cremones-pompier\/antipaniques\/securistyle-evolution-et-touch-bar-evolution\",\"url\":\"https:\/\/bricard.com\/professionnels\/produits\/anti-paniques-fermetures-durgence-et-cremones-pompier\/antipaniques\/securistyle-evolution-et-touch-bar-evolution\",\"name\":\"S\u00e9curistyle R\u00e9volution et Touch Bar R\u00e9volution &#060; Bricard professionnels\",\"isPartOf\":{\"@id\":\"https:\/\/bricard.com\/professionnels\/#website\"},\"primaryImageOfPage\":{\"@id\":\"https:\/\/bricard.com\/professionnels\/produits\/anti-paniques-fermetures-durgence-et-cremones-pompier\/antipaniques\/securistyle-evolution-et-touch-bar-evolution#primaryimage\"},\"image\":{\"@id\":\"https:\/\/bricard.com\/professionnels\/produits\/anti-paniques-fermetures-durgence-et-cremones-pompier\/antipaniques\/securistyle-evolution-et-touch-bar-evolution#primaryimage\"},\"thumbnailUrl\":\"https:\/\/bricard.com\/professionnels\/wp-content\/uploads\/sites\/17\/2025\/12\/Bricard_Touch_scont.png\",\"datePublished\":\"2023-01-23T07:07:46+00:00\",\"dateModified\":\"2026-02-24T10:42:25+00:00\",\"description\":\"BRICARD cr\u00e9e et d\u00e9veloppe les standards actuels de la serrurerie. Quelles que soient les exigences r\u00e9glementaires des b\u00e2timents, BRICARD vous propose un large \u00e9ventail de produits r\u00e9pondant aux exigences normatives pour \u00e9quiper tout type de portes : entr\u00e9e, int\u00e9rieure, distribution, local technique, issue de secours\u2026Fermeture antipanique Securistyle et Touch Bar Evolution\",\"breadcrumb\":{\"@id\":\"https:\/\/bricard.com\/professionnels\/produits\/anti-paniques-fermetures-durgence-et-cremones-pompier\/antipaniques\/securistyle-evolution-et-touch-bar-evolution#breadcrumb\"},\"inLanguage\":\"en-US\",\"potentialAction\":[{\"@type\":\"ReadAction\",\"target\":[\"https:\/\/bricard.com\/professionnels\/produits\/anti-paniques-fermetures-durgence-et-cremones-pompier\/antipaniques\/securistyle-evolution-et-touch-bar-evolution\"]}]},{\"@type\":\"ImageObject\",\"inLanguage\":\"en-US\",\"@id\":\"https:\/\/bricard.com\/professionnels\/produits\/anti-paniques-fermetures-durgence-et-cremones-pompier\/antipaniques\/securistyle-evolution-et-touch-bar-evolution#primaryimage\",\"url\":\"https:\/\/bricard.com\/professionnels\/wp-content\/uploads\/sites\/17\/2025\/12\/Bricard_Touch_scont.png\",\"contentUrl\":\"https:\/\/bricard.com\/professionnels\/wp-content\/uploads\/sites\/17\/2025\/12\/Bricard_Touch_scont.png\",\"width\":7440,\"height\":4960},{\"@type\":\"BreadcrumbList\",\"@id\":\"https:\/\/bricard.com\/professionnels\/produits\/anti-paniques-fermetures-durgence-et-cremones-pompier\/antipaniques\/securistyle-evolution-et-touch-bar-evolution#breadcrumb\",\"itemListElement\":[{\"@type\":\"ListItem\",\"position\":1,\"name\":\"Accueil\",\"item\":\"https:\/\/bricard.com\/professionnels\/\"},{\"@type\":\"ListItem\",\"position\":2,\"name\":\"Toutes nos gammes\",\"item\":\"https:\/\/bricard.com\/professionnels\/produits\"},{\"@type\":\"ListItem\",\"position\":3,\"name\":\"Anti-paniques et ouvertures rapides\",\"item\":\"https:\/\/bricard.com\/professionnels\/produits-gammes\/anti-paniques-fermetures-durgence-et-cremones-pompier\"},{\"@type\":\"ListItem\",\"position\":4,\"name\":\"Antipaniques\",\"item\":\"https:\/\/bricard.com\/professionnels\/produits-gammes\/anti-paniques-fermetures-durgence-et-cremones-pompier\/antipaniques\"},{\"@type\":\"ListItem\",\"position\":5,\"name\":\"S\u00e9curistyle R\u00e9volution et Touch Bar R\u00e9volution\"}]},{\"@type\":\"WebSite\",\"@id\":\"https:\/\/bricard.com\/professionnels\/#website\",\"url\":\"https:\/\/bricard.com\/professionnels\/\",\"name\":\"Bricard professionnels\",\"description\":\"\",\"publisher\":{\"@id\":\"https:\/\/bricard.com\/professionnels\/#organization\"},\"potentialAction\":[{\"@type\":\"SearchAction\",\"target\":{\"@type\":\"EntryPoint\",\"urlTemplate\":\"https:\/\/bricard.com\/professionnels\/?s={search_term_string}\"},\"query-input\":{\"@type\":\"PropertyValueSpecification\",\"valueRequired\":true,\"valueName\":\"search_term_string\"}}],\"inLanguage\":\"en-US\"},{\"@type\":\"Organization\",\"@id\":\"https:\/\/bricard.com\/professionnels\/#organization\",\"name\":\"Bricard professionnels\",\"url\":\"https:\/\/bricard.com\/professionnels\/\",\"logo\":{\"@type\":\"ImageObject\",\"inLanguage\":\"en-US\",\"@id\":\"https:\/\/bricard.com\/professionnels\/#\/schema\/logo\/image\/\",\"url\":\"https:\/\/bricard.com\/professionnels\/wp-content\/uploads\/sites\/17\/2026\/02\/bricard-logo-castle.png\",\"contentUrl\":\"https:\/\/bricard.com\/professionnels\/wp-content\/uploads\/sites\/17\/2026\/02\/bricard-logo-castle.png\",\"width\":150,\"height\":150,\"caption\":\"Bricard professionnels\"},\"image\":{\"@id\":\"https:\/\/bricard.com\/professionnels\/#\/schema\/logo\/image\/\"},\"sameAs\":[\"https:\/\/www.linkedin.com\/showcase\/professionnels\/about\/?viewAsMember=true\"]}]}<\/script>\n<!-- \/ Yoast SEO Premium plugin. -->","yoast_head_json":{"title":"S\u00e9curistyle R\u00e9volution et Touch Bar R\u00e9volution &#060; Bricard professionnels","description":"BRICARD cr\u00e9e et d\u00e9veloppe les standards actuels de la serrurerie. Quelles que soient les exigences r\u00e9glementaires des b\u00e2timents, BRICARD vous propose un large \u00e9ventail de produits r\u00e9pondant aux exigences normatives pour \u00e9quiper tout type de portes : entr\u00e9e, int\u00e9rieure, distribution, local technique, issue de secours\u2026Fermeture antipanique Securistyle et Touch Bar Evolution","robots":{"index":"index","follow":"follow","max-snippet":"max-snippet:-1","max-image-preview":"max-image-preview:large","max-video-preview":"max-video-preview:-1"},"canonical":"https:\/\/bricard.com\/professionnels\/produits\/anti-paniques-fermetures-durgence-et-cremones-pompier\/antipaniques\/securistyle-evolution-et-touch-bar-evolution","og_locale":"en_US","og_type":"article","og_title":"S\u00e9curistyle R\u00e9volution et Touch Bar R\u00e9volution","og_description":"BRICARD cr\u00e9e et d\u00e9veloppe les standards actuels de la serrurerie. Quelles que soient les exigences r\u00e9glementaires des b\u00e2timents, BRICARD vous propose un large \u00e9ventail de produits r\u00e9pondant aux exigences normatives pour \u00e9quiper tout type de portes : entr\u00e9e, int\u00e9rieure, distribution, local technique, issue de secours\u2026Fermeture antipanique Securistyle et Touch Bar Evolution","og_url":"https:\/\/bricard.com\/professionnels\/produits\/anti-paniques-fermetures-durgence-et-cremones-pompier\/antipaniques\/securistyle-evolution-et-touch-bar-evolution","og_site_name":"Bricard professionnels","article_modified_time":"2026-02-24T10:42:25+00:00","og_image":[{"width":7440,"height":4960,"url":"https:\/\/bricard.com\/professionnels\/wp-content\/uploads\/sites\/17\/2025\/12\/Bricard_Touch_scont.png","type":"image\/png"}],"twitter_card":"summary_large_image","twitter_misc":{"Est. reading time":"1 minute"},"schema":{"@context":"https:\/\/schema.org","@graph":[{"@type":"WebPage","@id":"https:\/\/bricard.com\/professionnels\/produits\/anti-paniques-fermetures-durgence-et-cremones-pompier\/antipaniques\/securistyle-evolution-et-touch-bar-evolution","url":"https:\/\/bricard.com\/professionnels\/produits\/anti-paniques-fermetures-durgence-et-cremones-pompier\/antipaniques\/securistyle-evolution-et-touch-bar-evolution","name":"S\u00e9curistyle R\u00e9volution et Touch Bar R\u00e9volution &#060; Bricard professionnels","isPartOf":{"@id":"https:\/\/bricard.com\/professionnels\/#website"},"primaryImageOfPage":{"@id":"https:\/\/bricard.com\/professionnels\/produits\/anti-paniques-fermetures-durgence-et-cremones-pompier\/antipaniques\/securistyle-evolution-et-touch-bar-evolution#primaryimage"},"image":{"@id":"https:\/\/bricard.com\/professionnels\/produits\/anti-paniques-fermetures-durgence-et-cremones-pompier\/antipaniques\/securistyle-evolution-et-touch-bar-evolution#primaryimage"},"thumbnailUrl":"https:\/\/bricard.com\/professionnels\/wp-content\/uploads\/sites\/17\/2025\/12\/Bricard_Touch_scont.png","datePublished":"2023-01-23T07:07:46+00:00","dateModified":"2026-02-24T10:42:25+00:00","description":"BRICARD cr\u00e9e et d\u00e9veloppe les standards actuels de la serrurerie. Quelles que soient les exigences r\u00e9glementaires des b\u00e2timents, BRICARD vous propose un large \u00e9ventail de produits r\u00e9pondant aux exigences normatives pour \u00e9quiper tout type de portes : entr\u00e9e, int\u00e9rieure, distribution, local technique, issue de secours\u2026Fermeture antipanique Securistyle et Touch Bar Evolution","breadcrumb":{"@id":"https:\/\/bricard.com\/professionnels\/produits\/anti-paniques-fermetures-durgence-et-cremones-pompier\/antipaniques\/securistyle-evolution-et-touch-bar-evolution#breadcrumb"},"inLanguage":"en-US","potentialAction":[{"@type":"ReadAction","target":["https:\/\/bricard.com\/professionnels\/produits\/anti-paniques-fermetures-durgence-et-cremones-pompier\/antipaniques\/securistyle-evolution-et-touch-bar-evolution"]}]},{"@type":"ImageObject","inLanguage":"en-US","@id":"https:\/\/bricard.com\/professionnels\/produits\/anti-paniques-fermetures-durgence-et-cremones-pompier\/antipaniques\/securistyle-evolution-et-touch-bar-evolution#primaryimage","url":"https:\/\/bricard.com\/professionnels\/wp-content\/uploads\/sites\/17\/2025\/12\/Bricard_Touch_scont.png","contentUrl":"https:\/\/bricard.com\/professionnels\/wp-content\/uploads\/sites\/17\/2025\/12\/Bricard_Touch_scont.png","width":7440,"height":4960},{"@type":"BreadcrumbList","@id":"https:\/\/bricard.com\/professionnels\/produits\/anti-paniques-fermetures-durgence-et-cremones-pompier\/antipaniques\/securistyle-evolution-et-touch-bar-evolution#breadcrumb","itemListElement":[{"@type":"ListItem","position":1,"name":"Accueil","item":"https:\/\/bricard.com\/professionnels\/"},{"@type":"ListItem","position":2,"name":"Toutes nos gammes","item":"https:\/\/bricard.com\/professionnels\/produits"},{"@type":"ListItem","position":3,"name":"Anti-paniques et ouvertures rapides","item":"https:\/\/bricard.com\/professionnels\/produits-gammes\/anti-paniques-fermetures-durgence-et-cremones-pompier"},{"@type":"ListItem","position":4,"name":"Antipaniques","item":"https:\/\/bricard.com\/professionnels\/produits-gammes\/anti-paniques-fermetures-durgence-et-cremones-pompier\/antipaniques"},{"@type":"ListItem","position":5,"name":"S\u00e9curistyle R\u00e9volution et Touch Bar R\u00e9volution"}]},{"@type":"WebSite","@id":"https:\/\/bricard.com\/professionnels\/#website","url":"https:\/\/bricard.com\/professionnels\/","name":"Bricard professionnels","description":"","publisher":{"@id":"https:\/\/bricard.com\/professionnels\/#organization"},"potentialAction":[{"@type":"SearchAction","target":{"@type":"EntryPoint","urlTemplate":"https:\/\/bricard.com\/professionnels\/?s={search_term_string}"},"query-input":{"@type":"PropertyValueSpecification","valueRequired":true,"valueName":"search_term_string"}}],"inLanguage":"en-US"},{"@type":"Organization","@id":"https:\/\/bricard.com\/professionnels\/#organization","name":"Bricard professionnels","url":"https:\/\/bricard.com\/professionnels\/","logo":{"@type":"ImageObject","inLanguage":"en-US","@id":"https:\/\/bricard.com\/professionnels\/#\/schema\/logo\/image\/","url":"https:\/\/bricard.com\/professionnels\/wp-content\/uploads\/sites\/17\/2026\/02\/bricard-logo-castle.png","contentUrl":"https:\/\/bricard.com\/professionnels\/wp-content\/uploads\/sites\/17\/2026\/02\/bricard-logo-castle.png","width":150,"height":150,"caption":"Bricard professionnels"},"image":{"@id":"https:\/\/bricard.com\/professionnels\/#\/schema\/logo\/image\/"},"sameAs":["https:\/\/www.linkedin.com\/showcase\/professionnels\/about\/?viewAsMember=true"]}]}},"taxonomy_info":{"product_cat":[{"value":510,"label":"Antipaniques"}],"solution":[{"value":551,"label":"Bureau"},{"value":552,"label":"\u00c9ducation"},{"value":555,"label":"Sant\u00e9"}]},"featured_image_src_large":["https:\/\/bricard.com\/professionnels\/wp-content\/uploads\/sites\/17\/2025\/12\/Bricard_Touch_scont.png?w=1024",1024,683,true],"author_info":[],"comment_info":"","jetpack_sharing_enabled":true,"_links":{"self":[{"href":"https:\/\/bricard.com\/professionnels\/wp-json\/wp\/v2\/product\/9839","targetHints":{"allow":["GET"]}}],"collection":[{"href":"https:\/\/bricard.com\/professionnels\/wp-json\/wp\/v2\/product"}],"about":[{"href":"https:\/\/bricard.com\/professionnels\/wp-json\/wp\/v2\/types\/product"}],"wp:featuredmedia":[{"embeddable":true,"href":"https:\/\/bricard.com\/professionnels\/wp-json\/wp\/v2\/media\/16873"}],"wp:attachment":[{"href":"https:\/\/bricard.com\/professionnels\/wp-json\/wp\/v2\/media?parent=9839"}],"wp:term":[{"taxonomy":"product_brand","embeddable":true,"href":"https:\/\/bricard.com\/professionnels\/wp-json\/wp\/v2\/product_brand?post=9839"},{"taxonomy":"product_cat","embeddable":true,"href":"https:\/\/bricard.com\/professionnels\/wp-json\/wp\/v2\/product_cat?post=9839"},{"taxonomy":"product_tag","embeddable":true,"href":"https:\/\/bricard.com\/professionnels\/wp-json\/wp\/v2\/product_tag?post=9839"},{"taxonomy":"solution","embeddable":true,"href":"https:\/\/bricard.com\/professionnels\/wp-json\/wp\/v2\/solution?post=9839"}],"curies":[{"name":"wp","href":"https:\/\/api.w.org\/{rel}","templated":true}]}}